{"id":7,"date":"2020-11-03T00:08:05","date_gmt":"2020-11-02T23:08:05","guid":{"rendered":"https:\/\/www.sein.design\/?page_id=7"},"modified":"2025-10-07T22:06:31","modified_gmt":"2025-10-07T20:06:31","slug":"ueber-uns","status":"publish","type":"page","link":"https:\/\/www.sein.design\/","title":{"rendered":"&#8230;"},"content":{"rendered":"\t\t<div data-elementor-type=\"wp-page\" data-elementor-id=\"7\" class=\"elementor elementor-7\" data-elementor-settings=\"[]\">\n\t\t\t\t\t\t<div class=\"elementor-inner\">\n\t\t\t\t\t\t\t<div class=\"elementor-section-wrap\">\n\t\t\t\t\t\t\t<section class=\"elementor-section elementor-top-section elementor-element elementor-element-305b7ae elementor-section-height-min-height elementor-section-content-top elementor-section-boxed elementor-section-height-default elementor-section-items-middle\" data-id=\"305b7ae\" data-element_type=\"section\">\n\t\t\t\t\t\t<div class=\"elementor-container elementor-column-gap-default\">\n\t\t\t\t\t\t\t<div class=\"elementor-row\">\n\t\t\t\t\t<div class=\"elementor-column elementor-col-100 elementor-top-column elementor-element elementor-element-c2fded3\" data-id=\"c2fded3\" data-element_type=\"column\">\n\t\t\t<div class=\"elementor-column-wrap elementor-element-populated\">\n\t\t\t\t\t\t\t<div class=\"elementor-widget-wrap\">\n\t\t\t\t\t\t<div class=\"elementor-element elementor-element-0ecfc14 elementor-widget elementor-widget-image\" data-id=\"0ecfc14\" data-element_type=\"widget\" data-widget_type=\"image.default\">\n\t\t\t\t<div class=\"elementor-widget-container\">\n\t\t\t\t\t<div class=\"elementor-image\">\n\t\t\t\t\t\t\t\t\t\t<img decoding=\"async\" src=\"https:\/\/www.sein.design\/wp-content\/uploads\/elementor\/thumbs\/portrfoto2024-sw-1-scaled-rcvekrtm3s0ibiw8h33l928h33y671e52pr5bg0n58.jpg\" title=\"portrfoto2024 &#8211; sw\" alt=\"portrfoto2024 - sw\" \/>\t\t\t\t\t\t\t\t\t\t\t<\/div>\n\t\t\t\t<\/div>\n\t\t\t\t<\/div>\n\t\t\t\t<div class=\"elementor-element elementor-element-05b0c10 elementor-widget elementor-widget-text-editor\" data-id=\"05b0c10\" data-element_type=\"widget\" data-widget_type=\"text-editor.default\">\n\t\t\t\t<div class=\"elementor-widget-container\">\n\t\t\t\t\t<div class=\"elementor-text-editor elementor-clearfix\"><p>Ist bei Ihnen gerade etwas Neues im Begriff Gestalt anzunehmen? Eine Unternehmung, eine Entscheidung, ein Projekt, ein Weg? Dann sind Sie mitten in einem kreativen Feld, das spannungsgeladen ist von erfinderischem Tatendrang, bis Ihnen klar wird, was zu Ihnen kommen m\u00f6chte.<\/p><p>Gern biete ich Ihnen dabei eine Begleitung als K\u00fcnstler und systemischer Kreativtrainer an, der offen hinh\u00f6rt und R\u00e4ume f\u00fcr sch\u00f6pferisches Suchen baut.<\/p><p>Einzeln auch online m\u00f6glich, f\u00fcr Teams gern analog.<\/p><p>Ein Vorgespr\u00e4ch ist unverbindlich und kostenfrei.<\/p><p>Ich freue mich auf Ihren Impuls.<\/p><\/div>\n\t\t\t\t<\/div>\n\t\t\t\t<\/div>\n\t\t\t\t\t\t<\/div>\n\t\t\t\t\t<\/div>\n\t\t<\/div>\n\t\t\t\t\t\t\t\t<\/div>\n\t\t\t\t\t<\/div>\n\t\t<\/section>\n\t\t\t\t\t\t<\/div>\n\t\t\t\t\t\t<\/div>\n\t\t\t\t\t<\/div>\n\t\t","protected":false},"excerpt":{"rendered":"<p>Ist bei Ihnen gerade etwas Neues im Begriff Gestalt anzunehmen? Eine Unternehmung, eine Entscheidung, ein Projekt, ein Weg? Dann sind Sie mitten in einem kreativen Feld, das spannungsgeladen ist von erfinderischem Tatendrang, bis Ihnen klar wird, was zu Ihnen kommen m\u00f6chte. Gern biete ich Ihnen &hellip; <a href=\"https:\/\/www.sein.design\/\" class=\"more-link\"><span>Continue reading<span class=\"screen-reader-text\">&#8230;<\/span><\/span><\/a><\/p>\n","protected":false},"author":1,"featured_media":0,"parent":0,"menu_order":0,"comment_status":"closed","ping_status":"closed","template":"","meta":{"footnotes":""},"class_list":["post-7","page","type-page","status-publish","hentry"],"yoast_head":"<!-- This site is optimized with the Yoast SEO plugin v15.2.1 - https:\/\/yoast.com\/wordpress\/plugins\/seo\/ -->\n<title>... - SEINdesign<\/title>\n<meta name=\"robots\" content=\"index, follow, max-snippet:-1, max-image-preview:large, max-video-preview:-1\" \/>\n<link rel=\"canonical\" href=\"https:\/\/www.sein.design\/\" \/>\n<meta property=\"og:locale\" content=\"de_DE\" \/>\n<meta property=\"og:type\" content=\"article\" \/>\n<meta property=\"og:title\" content=\"... - SEINdesign\" \/>\n<meta property=\"og:description\" content=\"Ist bei Ihnen gerade etwas Neues im Begriff Gestalt anzunehmen? Eine Unternehmung, eine Entscheidung, ein Projekt, ein Weg? Dann sind Sie mitten in einem kreativen Feld, das spannungsgeladen ist von erfinderischem Tatendrang, bis Ihnen klar wird, was zu Ihnen kommen m\u00f6chte. Gern biete ich Ihnen &hellip; Continue reading&#8230;\" \/>\n<meta property=\"og:url\" content=\"https:\/\/www.sein.design\/\" \/>\n<meta property=\"og:site_name\" content=\"SEINdesign\" \/>\n<meta property=\"article:modified_time\" content=\"2025-10-07T20:06:31+00:00\" \/>\n<meta property=\"og:image\" content=\"https:\/\/www.sein.design\/wp-content\/uploads\/elementor\/thumbs\/portrfoto2024-sw-1-scaled-rcvekrtm3s0ibiw8h33l928h33y671e52pr5bg0n58.jpg\" \/>\n<meta name=\"twitter:card\" content=\"summary_large_image\" \/>\n<meta name=\"twitter:label1\" content=\"Written by\">\n\t<meta name=\"twitter:data1\" content=\"@_4337359_@\">\n\t<meta name=\"twitter:label2\" content=\"Est. reading time\">\n\t<meta name=\"twitter:data2\" content=\"0\u00a0Minuten\">\n<script type=\"application\/ld+json\" class=\"yoast-schema-graph\">{\"@context\":\"https:\/\/schema.org\",\"@graph\":[{\"@type\":\"WebSite\",\"@id\":\"https:\/\/www.sein.design\/#website\",\"url\":\"https:\/\/www.sein.design\/\",\"name\":\"SEINdesign\",\"description\":\"Kreativarbeit mit Ferdinand Georg\",\"potentialAction\":[{\"@type\":\"SearchAction\",\"target\":\"https:\/\/www.sein.design\/?s={search_term_string}\",\"query-input\":\"required name=search_term_string\"}],\"inLanguage\":\"de\"},{\"@type\":\"ImageObject\",\"@id\":\"https:\/\/www.sein.design\/#primaryimage\",\"inLanguage\":\"de\",\"url\":\"https:\/\/www.sein.design\/wp-content\/uploads\/elementor\/thumbs\/portrfoto2024-sw-1-scaled-rcvekrtm3s0ibiw8h33l928h33y671e52pr5bg0n58.jpg\"},{\"@type\":\"WebPage\",\"@id\":\"https:\/\/www.sein.design\/#webpage\",\"url\":\"https:\/\/www.sein.design\/\",\"name\":\"... - SEINdesign\",\"isPartOf\":{\"@id\":\"https:\/\/www.sein.design\/#website\"},\"primaryImageOfPage\":{\"@id\":\"https:\/\/www.sein.design\/#primaryimage\"},\"datePublished\":\"2020-11-02T23:08:05+00:00\",\"dateModified\":\"2025-10-07T20:06:31+00:00\",\"inLanguage\":\"de\",\"potentialAction\":[{\"@type\":\"ReadAction\",\"target\":[\"https:\/\/www.sein.design\/\"]}]}]}<\/script>\n<!-- \/ Yoast SEO plugin. -->","_links":{"self":[{"href":"https:\/\/www.sein.design\/index.php?rest_route=\/wp\/v2\/pages\/7","targetHints":{"allow":["GET"]}}],"collection":[{"href":"https:\/\/www.sein.design\/index.php?rest_route=\/wp\/v2\/pages"}],"about":[{"href":"https:\/\/www.sein.design\/index.php?rest_route=\/wp\/v2\/types\/page"}],"author":[{"embeddable":true,"href":"https:\/\/www.sein.design\/index.php?rest_route=\/wp\/v2\/users\/1"}],"replies":[{"embeddable":true,"href":"https:\/\/www.sein.design\/index.php?rest_route=%2Fwp%2Fv2%2Fcomments&post=7"}],"version-history":[{"count":63,"href":"https:\/\/www.sein.design\/index.php?rest_route=\/wp\/v2\/pages\/7\/revisions"}],"predecessor-version":[{"id":305,"href":"https:\/\/www.sein.design\/index.php?rest_route=\/wp\/v2\/pages\/7\/revisions\/305"}],"wp:attachment":[{"href":"https:\/\/www.sein.design\/index.php?rest_route=%2Fwp%2Fv2%2Fmedia&parent=7"}],"curies":[{"name":"wp","href":"https:\/\/api.w.org\/{rel}","templated":true}]}}